Is 114 a factor of 803305?
False
Does 2 divide 59583?
False
Does 42 divide 1229340?
True
Is 1014468 a multiple of 411?
False
Is 669845 a multiple of 36?
False
Is 102 a factor of 140046?
True
Does 55 divide 2523290?
True
Is 138658 a multiple of 102?
False
Does 5 divide 229004?
False
Is 434 a factor of 70742?
True
Is 218822 a multiple of 19?
False
Is 223 a factor of 1099348?
False
Is 7530090 a multiple of 46?
False
Is 36 a factor of 338267?
False
Does 17 divide 30770?
True
Is 6804643 a multiple of 73?
False
Does 43 divide 1084429?
False
Is 14 a factor of 506506?
True
Is 220481 a multiple of 64?
False
Does 150 divide 111815?
False
Is 387 a factor of 1264673?
False
Is 41 a factor of 382120?
True
Is 14 a factor of 34970?
False
Does 33 divide 308243?
False
Does 6 divide 11214?
True
Is 204630 a multiple of 10?
True
Is 101885 a multiple of 41?
True
Is 59464 a multiple of 71?
False
Is 21 a factor of 12944526?
True
Does 8 divide 234576?
True
Is 14436 a multiple of 4?
True
Is 36 a factor of 3345175?
False
Is 1332566 a multiple of 31?
True
Does 546 divide 14742?
True
Is 7743 a multiple of 29?
True
Is 4 a factor of 466059?
False
Is 1702368 a multiple of 23?
True
Does 3 divide 8457?
True
Does 8 divide 5784163?
False
Does 78 divide 189774?
True
Is 2 a factor of 7507?
False
Is 25 a factor of 2353250?
True
Is 75 a factor of 1249425?
True
Is 224 a factor of 2105152?
True
Is 246173 a multiple of 166?
False
Does 128 divide 3383424?
True
Is 189 a factor of 14357761?
False
Does 314 divide 79124?
False
Is 49132 a multiple of 173?
True
Is 560 a factor of 1770984?
False
Does 262 divide 256107?
False
Is 13968 a multiple of 2?
True
Is 169 a factor of 2964641?
False
Is 7 a factor of 71113?
True
Is 7 a factor of 94178?
True
Does 60 divide 324120?
True
Is 3677933 a multiple of 527?
True
Is 57 a factor of 16953966?
True
Does 17 divide 2458370?
True
Is 2 a factor of 53406?
True
Does 231 divide 3129126?
True
Does 81 divide 119941?
False
Is 34 a factor of 131876?
False
Does 7 divide 297759?
True
Is 12 a factor of 3274344?
True
Is 100693 a multiple of 3?
False
Is 14341806 a multiple of 18?
True
Is 253120 a multiple of 160?
True
Is 342 a factor of 12018521?
False
Does 18 divide 139122?
True
Is 456858 a multiple of 17?
True
Does 16 divide 105168?
True
Is 5307122 a multiple of 23?
False
Is 571995 a multiple of 594?
False
Is 121128 a multiple of 8?
True
Does 20 divide 512840?
True
Is 5829 a multiple of 6?
False
Does 2 divide 254170?
True
Is 10325406 a multiple of 25?
False
Is 200 a factor of 25914624?
False
Does 26 divide 566689?
False
Is 135716 a multiple of 262?
True
Is 365 a factor of 18290718?
False
Is 41 a factor of 65272?
True
Does 60 divide 58620?
True
Does 16 divide 8768?
True
Does 225 divide 12210749?
False
Is 115 a factor of 599773?
False
Is 81412 a multiple of 4?
True
Is 67 a factor of 383709?
True
Is 401323 a multiple of 227?
False
Does 56 divide 7761824?
True
Is 780758 a multiple of 16?
False
Is 4 a factor of 716616?
True
Is 3131832 a multiple of 392?
False
Is 1459 a multiple of 7?
False
Is 261 a factor of 495639?
True
Is 4 a factor of 382685?
False
Does 595 divide 3201493?
False
Does 64 divide 114752?
True
Does 43 divide 6690499?
True
Is 3 a factor of 7563?
True
Does 15 divide 2609943?
False
Does 40 divide 92130?
False
Does 26 divide 282022?
True
Is 10 a factor of 28037?
False
Is 9 a factor of 107639?
False
Is 12 a factor of 5736480?
True
Is 363701 a multiple of 101?
True
Is 388233 a multiple of 372?
False
Is 113109 a multiple of 37?
True
Is 17994 a multiple of 98?
False
Is 101 a factor of 46393?
False
Does 130 divide 206514?
False
Is 176156 a multiple of 68?
False
Does 62 divide 705684?
True
Is 39 a factor of 4937517?
True
Is 3276142 a multiple of 31?
True
Is 113610 a multiple of 42?
True
Is 168121 a multiple of 4?
False
Is 770312 a multiple of 103?
False
Is 1201864 a multiple of 16?
False
Is 99 a factor of 349432?
False
Does 54 divide 54655?
False
Is 2098125 a multiple of 125?
True
Is 5 a factor of 19745?
True
Is 390 a factor of 373620?
True
Does 52 divide 129607?
False
Is 11919764 a multiple of 893?
True
Is 6 a factor of 110060?
False
Does 98 divide 1035566?
True
Is 166242 a multiple of 20?
False
Is 1643332 a multiple of 50?
False
Does 23 divide 3463176?
False
Does 6 divide 98609?
False
Is 245272 a multiple of 31?
True
Does 10 divide 512480?
True
Does 37 divide 1373144?
True
Is 116 a factor of 1348500?
True
Is 72 a factor of 681347?
False
Is 38 a factor of 473452?
False
Does 1201 divide 2433226?
True
Is 41 a factor of 6356476?
True
Does 4 divide 69854?
False
Is 87 a factor of 46110?
True
Is 173064 a multiple of 24?
True
Does 11 divide 708884?
True
Is 38807 a multiple of 151?
True
Is 47629 a multiple of 7?
False
Does 111 divide 7448445?
False
Is 378 a factor of 3127681?
False
Does 15 divide 488835?
True
Does 38 divide 576277?
False
Is 111 a factor of 37961667?
True
Is 296167 a multiple of 61?
False
Is 52 a factor of 71396?
True
Does 2 divide 66517?
False
Is 2 a factor of 3715?
False
Is 287433 a multiple of 109?
True
Is 181 a factor of 115189?
False
Does 672 divide 968352?
True
Is 354343 a multiple of 297?
False
Does 4 divide 156128?
True
Does 22 divide 16550?
False
Is 22 a factor of 339944?
True
Is 38304 a multiple of 76?
True
Does 18 divide 24956?
False
Is 11562298 a multiple of 140?
False
Is 17 a factor of 655348?
False
Does 532 divide 173432?
True
Is 36 a factor of 5318061?
False
Is 3238360 a multiple of 638?
False
Is 24698 a multiple of 107?
False
Is 43 a factor of 242864?
True
Does 295 divide 221094?
False
Is 452690 a multiple of 10?
True
Is 13 a factor of 24370177?
True
Does 47 divide 6817961?
True
Is 295 a factor of 2379765?
True
Is 2321644 a multiple of 52?
True
Is 168891 a multiple of 19?
True
Does 207 divide 159900?
False
Is 105652 a multiple of 188?
False
Does 480 divide 9167961?
False
Does 196 divide 19355630?
False
Does 39 divide 623580?
False
Is 232135 a multiple of 17?
True
Does 5 divide 139150?
True
Does 411 divide 185361?
True
Does 9 divide 22636125?
True
Does 3 divide 971554?
False
Is 51770 a multiple of 155?
True
Is 191 a factor of 9534529?
True
Is 1426 a factor of 4917005?
False
Does 387 divide 1862009?
False
Does 77 divide 2818374?
False
Is 16 a factor of 718491?
False
Is 756195 a multiple of 32?
False
Is 153 a factor of 1579878?
True
Does 600 divide 1174200?
True
Is 139891 a multiple of 20?
False
Is 436048 a multiple of 155?
False
Does 51 divide 45432?
False
Does 15 divide 35700?
True
Does 26 divide 515078?
False
Is 90509 a multiple of 29?
True
Does 394 divide 1342358?
True
Is 4409817 a multiple of 1630?
False
Does 87 divide 1003284?
True
Is 6 a factor of 52381?
False
Is 301996 a multiple of 426?
False
Does 46 divide 4663112?
True
Does 193 divide 783001?
True
Does 13 divide 1034335?
False
Is 650 a factor of 385845?
False
Is 9061 a multiple of 17?
True
Does 100 divide 96100?
True
Is 25 a factor of 1994655?
False
Is 19 a factor of 840020?
False
Does 41 divide 76793?
True
Is 45 a factor of 505755?
True
Is 109 a factor of 236094?
True
Does 620 divide 16406490?
False
Does 10 divide 84911?
False
Does 5 divide 194565?
True
Is 328675 a multiple of 15?
False
Is 771 a factor of 2418421?
False
Is 10 a factor of 295659?
False
Is 89 a factor of 93094?
True
Is 792 a factor of 560736?
True
Is 54 a factor of 89090?
False
Is 211028 a multiple of 19?
False
Is 4 a factor of 991?
False
Is 652403 a multiple of 5?
False
Is 2 a factor of 27308?
True
Does 21 divide 20315652?
True
Is 6256064 a multiple of 956?
True
Is 4421112 a multiple of 82?
True
Does 215 divide 1490380?
True
Is 27 a factor of 7013809?
False
Does 14 divide 591215?
False
Is 4748966 a multiple of 132?
False
Does 96 divide 2309856?
True
Is 10 a factor of 16057?
False
Is 1944025 a multiple of 25?
True
Is 51 a factor of 856545?
True
Does 3 divide 504824?
False
Is 3717234 a multiple of 582?
True
Is 186956 a multiple of 10?
False
Does 772 divide 1003600?
True
Is 6 a factor of 335328?
True
Is 241964 a multiple of 251?
True
Is 118583 a multiple of 148?
False
Is 23 a factor of 592327?
False
Is 90 a factor of 11127?
False
Is 184 a factor of 7375272?
True
Is 41792 a multiple of 64?
True
Is 9922680 a multiple of 860?
True
Is 7886881 a multiple of 1428?
False
Is 156366 a multiple of 18?
True
Is 46592 a multip